er when 716218 is divided by 609?
34
Calculate the remainder when 157251 is divided by 1710.
1641
Calculate the remainder when 15901364 is divided by 70050.
14
Calculate the remainder when 4767357 is divided by 48.
45
Calculate the remainder when 754327 is divided by 251442.
1
Calculate the remainder when 698870 is divided by 77465.
1685
Calculate the remainder when 8799132 is divided by 43.
42
Calculate the remainder when 247478779 is divided by 14.
9
What is the remainder when 3451237 is divided by 12?
1
Calculate the remainder when 684137 is divided by 5895.
317
What is the remainder when 748045 is divided by 41553?
91
What is the remainder when 106035 is divided by 3396?
759
Calculate the remainder when 21472 is divided by 2915.
1067
What is the remainder when 5476566 is divided by 20743?
414
Calculate the remainder when 1661204 is divided by 20765.
4
What is the remainder when 1659051 is divided by 150818?
53
What is the remainder when 96882 is divided by 808?
730
What is the remainder when 515970 is divided by 923?
13
Calculate the remainder when 7177743 is divided by 38.
37
What is the remainder when 1552429 is divided by 453?
451
Calculate the remainder when 258281158 is divided by 226.
222
What is the remainder when 141180 is divided by 4884?
4428
What is the remainder when 3302 is divided by 1804?
1498
Calculate the remainder when 23532041 is divided by 197.
194
What is the remainder when 5030985 is divided by 1242?
885
Calculate the remainder when 3383765 is divided by 138.
5
Calculate the remainder when 269722 is divided by 11533.
4463
What is the remainder when 206986 is divided by 6676?
30
Calculate the remainder when 49125 is divided by 5744.
3173
Calculate the remainder when 4016165 is divided by 10.
5
Calculate the remainder when 143624 is divided by 81.
11
What is the remainder when 1765708 is divided by 690?
688
What is the remainder when 2053976 is divided by 342328?
8
Calculate the remainder when 72014234 is divided by 3564.
50
What is the remainder when 18050178 is divided by 279?
273
Calculate the remainder when 23465130 is divided by 90.
60
Calculate the remainder when 3362184 is divided by 5025.
459
What is the remainder when 14455 is divided by 6?
1
What is the remainder when 3234761 is divided by 6185?
6
What is the remainder when 24886146 is divided by 1325?
1321
Calculate the remainder when 15243 is divided by 457.
162
What is the remainder when 2287280 is divided by 254121?
191
What is the remainder when 27821 is divided by 22285?
5536
What is the remainder when 22514 is divided by 5514?
458
What is the remainder when 3550130 is divided by 8180?
10
Calculate the remainder when 330225 is divided by 8243.
505
Calculate the remainder when 70814 is divided by 2195.
574
Calculate the remainder when 2536757 is divided by 845559.
80
What is the remainder when 78737 is divided by 1603?
190
What is the remainder when 2464659 is divided by 295?
229
Calculate the remainder when 23215436 is divided by 13.
10
Calculate the remainder when 2420987 is divided by 205.
142
What is the remainder when 144206 is divided by 4789?
536
Calculate the remainder when 7524748 is divided by 2221.
0
What is the remainder when 4051715 is divided by 4357?
4062
Calculate the remainder when 8031211 is divided by 2023.
1924
Calculate the remainder when 193297 is divided by 1926.
697
Calculate the remainder when 1708481 is divided by 1159.
115
Calculate the remainder when 243114 is divided by 3037.
154
What is the remainder when 126683 is divided by 63117?
449
Calculate the remainder when 1373161 is divided by 602.
601
What is the remainder when 519740 is divided by 105?
95
Calculate the remainder when 136093 is divided by 84.
13
What is the remainder when 12023601 is divided by 31641?
21
What is the remainder when 23274199 is divided by 119354?
169
What is the remainder when 3690981 is divided by 5661?
9
Calculate the remainder when 12845540 is divided by 725.
715
Calculate the remainder when 522886774 is divided by 24.
22
What is the remainder when 1110965 is divided by 1861?
1809
What is the remainder when 1381041 is divided by 32?
17
Calculate the remainder when 2272972 is divided by 122.
112
What is the remainder when 3014480 is divided by 2510?
2480
What is the remainder when 23470761 is divided by 711235?
6
Calculate the remainder when 14111019 is divided by 3773.
3772
What is the remainder when 2863757 is divided by 3330?
3287
Calculate the remainder when 263462211 is divided by 40.
11
Calculate the remainder when 5933191 is divided by 20.
11
Calculate the remainder when 10856887 is divided by 1145.
1142
What is the remainder when 175240908 is divided by 3433?
3423
What is the remainder when 2612347 is divided by 870650?
397
Calculate the remainder when 33385 is divided by 2506.
807
What is the remainder when 2704530 is divided by 110?
70
Calculate the remainder when 148769597 is divided by 3542133.
11
What is the remainder when 291357022 is divided by 224?
222
What is the remainder when 19829 is divided by 185?
34
Calculate the remainder when 2766617 is divided by 1979.
1954
What is the remainder when 205252 is divided by 604?
496
Calculate the remainder when 953824 is divided by 2153.
45
What is the remainder when 456692 is divided by 19?
8
What is the remainder when 3784418 is divided by 32345?
53
What is the remainder when 2965872 is divided by 1482930?
12
Calculate the remainder when 3188204 is divided by 1538.
1468
Calculate the remainder when 1117634 is divided by 101598.
56
What is the remainder when 174619 is divided by 316?
187
Calculate the remainder when 836648 is divided by 418318.
12
What is the remainder when 2899545 is divided by 140?
5
What is the remainder when 3174667 is divided by 2802?
1
Calculate the remainder when 5326950 is divided by 14.
6
What is the remainder when 243014 is divided by 6747?
122
Calculate the remainder when 622047 is divided by 2802.
3
Calculate the remainder when 30977854 is divided by 832.
830
What is the remainder when 27052781 is divided by 75?
56
What is the remainder when 1007591 is divided by 503788?
15
What is the remainder when 12018186 is divided by 1781?
1779
What is the remainder when 298570 is divided by 1450?
1320
Calculate the remainder when 251609 is divided by 361.
353
What is the remainder when 11727089 is divided by 569?
568
What is the remainder when 1303 is divided by 987?
316
What is the remainder when 14766878 is divided by 7383439?
0
Calculate the remainder when 935868 is divided by 4849.
11
What is the remainder when 841624 is divided by 1207?
345
Calculate the remainder when 337502 is divided by 10226.
44
Calculate the remainder when 882930 is divided by 441296.
338
Calculate the remainder when 72791 is divided by 5198.
19
Calculate the remainder when 3849282 is divided by 394.
296
What is the remainder when 1014499 is divided by 2?
1
What is the remainder when 801035 is divided by 10?
5
What is the remainder when 5431977 is divided by 1556?
1537
What is the remainder when 139077 is divided by 69149?
779
What is the remainder when 7270576 is divided by 114?
112
What is the remainder when 36781312 is divided by 322643?
10
What is the remainder when 2705307 is divided by 4?
3
What is the remainder when 1315214 is divided by 125?
89
Calculate the remainder when 7859708 is divided by 429.
428
Calculate the remainder when 117014655 is divided by 46.
39
Calculate the remainder when 13828007 is divided by 671.
39
What is the remainder when 152021 is divided by 1567?
22
Calculate the remainder when 2909249 is divided by 168.
161
What is the remainder when 19615198 is divided by 1200?
1198
What is the remainder when 81832 is divided by 3384?
616
What is the remainder when 2054357 is divided by 27?
8
Calculate the remainder when 942194 is divided by 5710.
44
What is the remainder when 89179 is divided by 17636?
999
What is the remainder when 116066882 is divided by 3332?
3326
Calculate the remainder when 604026 is divided by 5162.
72
Calculate the remainder when 10367504 is divided by 8388.
8324
What is the remainder when 34707087 is divided by 11?
8
What is the remainder when 738629755 is divided by 1760?
1755
Calculate the remainder when 1098317 is divided by 4903.
45
Calculat